4*p - 5757. Calculate x(-12).
3
Let p(r) = 6397*r - 1624784. Give p(254).
54
Let g(a) = -a**3 + 10*a**2 + 5*a - 277. Calculate g(23).
-7039
Let s(k) = 50*k**3 - 57*k**2 - 118*k + 8. Calculate s(-4).
-3632
Let s(r) = -23902*r + 764815. Determine s(32).
-49
Let n(s) = -35*s**2 - 1359*s - 822. What is n(-38)?
280
Let s(l) = -8*l**2 + 7852*l + 87340. Give s(-11).
0
Let w(z) = -3*z**3 - 27*z**2 + 12665*z + 113973. Give w(-9).
-12
Let p(r) = 5*r**3 + 113*r**2 - 321*r - 41. What is p(-25)?
484
Let x(b) = -562*b - 273203. What is x(-486)?
-71
Let z(m) = -8*m**2 - 1353*m + 12695. Give z(-178).
57
Let u(q) = 4*q**2 + 817*q - 6584. Give u(-212).
-12
Let d(l) = l**2 + 189*l - 2040. Give d(-199).
-50
Let d(m) = 2*m**2 - 54*m - 2481. Determine d(-35).
1859
Let w(v) = 61*v + 98. Give w(-3).
-85
Let q(p) = 31*p**2 + 3195*p + 38254. Determine q(-12).
4378
Let p(d) = -14038*d - 659911. Determine p(-47).
-125
Let l(k) = 4*k**3 + 226*k**2 + 136*k + 1013. Determine l(-56).
-331
Let r(d) = 64*d**3 + 309*d**2 - 17*d - 6. Give r(-5).
-196
Let o(i) = -1054*i + 99694. What is o(95)?
-436
Let a(y) = 3*y**3 - 83*y**2 - 34*y + 9. What is a(28)?
-159
Let a(c) = -3*c**3 - 179*c**2 - 187*c + 5973. Calculate a(-58).
-1
Let q(o) = -o**3 - 20*o**2 + 24*o + 237. What is q(-8)?
-723
Let d(m) = -m**3 - 178*m**2 - 3288*m + 495. Determine d(-157).
-918
Let u(l) = -4*l**3 + 448*l**2 + 521*l - 7428. What is u(113)?
369
Let t(w) = w**3 - 104*w**2 + 781*w - 1241. Determine t(96).
7
Let a(v) = -4*v**3 + 7320*v**2 - 21929*v + 9138. What is a(1827)?
3
Let j(p) = -3*p**2 + 2765*p - 504596. Give j(671).
-4
Let x(b) = -9*b**2 + 498*b - 6400. What is x(18)?
-352
Let j(t) = -1747*t + 51125. Calculate j(29).
462
Let x(h) = 441*h**3 - 187*h**2 - 14*h + 12. What is x(1)?
252
Let a(o) = 95*o**2 + 29*o - 100. Calculate a(-3).
668
Let u(h) = -35*h**2 + 178*h + 1313. What is u(-7)?
-1648
Let b(k) = -3000*k + 3671. What is b(1)?
671
Let t(f) = -413*f**2 - 9087*f - 56. Calculate t(-22).
-34
Let w(s) = 28*s**3 - 195*s**2 - 346*s + 2410. Determine w(7).
37
Let d(i) = i**3 + 32*i**2 - 32*i + 37. Determine d(-33).
4
Let s(u) = 75881*u + 455276. Give s(-6).
-10
Let j(r) = -r**2 + 279*r - 9553. Determine j(244).
-1013
Let f(g) = 3*g**3 + 9*g**2 - 2*g - 49. Calculate f(-9).
-1489
Let c(v) = v**3 + 2*v**2 - 497*v + 463. What is c(-21)?
2521
Let z(u) = 8*u**2 - 374*u - 1406. Give z(52).
778
Let t(f) = -1928*f - 84968. Calculate t(-44).
-136
Let l(w) = 2*w**2 + 1530*w + 53671. Determine l(-35).
2571
Let q(a) = -9603*a - 28455. What is q(-3)?
354
Let m(f) = 20*f**3 - 11*f**2 - 241*f - 228. What is m(-1)?
-18
Let u(p) = 55001*p - 495003. What is u(9)?
6
Let q(m) = m**3 + 42*m**2 + 8*m + 207. Give q(-42).
-129
Let f(q) = -q**3 - 31*q**2 - 38*q + 415. Determine f(-29).
-165
Let b(o) = 14453*o + 21159191. Determine b(-1464).
-1
Let k(t) = 3*t**2 - 4693*t - 95058. What is k(-20)?
2
Let q(h) = 2*h**2 - 8589*h + 599742. What is q(71)?
5
Let k(x) = 2*x**2 + 270*x + 7669. Give k(-94).
-39
Let p(a) = -3045*a - 3042. Give p(-1).
3
Let g(w) = 4*w**2 + 21989*w + 699544. Determine g(-32).
-8
Let m(p) = -6*p**2 - 2969*p + 349265. Calculate m(-593).
-12
Let n(w) = 3262200*w - 29359797. What is n(9)?
3
Let r(v) = -5*v**3 - 1538*v**2 + 5288*v + 486. Give r(-311).
175
Let t(y) = -8743*y**2 - 8755*y - 6. What is t(-1)?
6
Let i(a) = -1409*a**2 - 5640*a + 27. What is i(-4)?
43
Let f(a) = 47*a**2 - 1435*a + 3858. What is f(3)?
-24
Let y(o) = 25369*o + 202959. Determine y(-8).
7
Let o(r) = -r**3 + 142*r**2 + 868*r + 24. Determine o(-6).
144
Let v(m) = -m**3 + 12*m**2 - 31*m - 6. What is v(8)?
2
Let j(u) = -u**3 - 68*u**2 - 184*u - 12516. Give j(-68).
-4
Let k(q) = 3*q**2 + 17481*q + 225. Calculate k(0).
225
Let l(q) = -q**3 - 7*q**2 - 23062*q - 207716. Give l(-9).
4
Let g(i) = -i**3 - 488*i**2 + 4985*i + 53. Determine g(10).
103
Let u(h) = 15503*h + 186085. Give u(-12).
49
Let n(h) = -1290*h + 58045. What is n(45)?
-5
Let u(l) = 1037*l - 4096. Determine u(4).
52
Let t(i) = 3*i**3 + 450*i**2 + 1356*i - 6. Determine t(-3).
-105
Let m(b) = -2*b**3 - 4*b**2 + 1880*b + 9252. Determine m(-5).
2
Let b(u) = -370*u + 2683. Determine b(7).
93
Let g(q) = -325*q**2 - 920*q + 43. What is g(-3)?
-122
Let z(d) = -1785*d - 9244. Determine z(-5).
-319
Let m(i) = 15769*i - 488797. What is m(31)?
42
Let i(t) = t**3 - 308*t**2 + 1793*t + 5738. Determine i(302).
0
Let j(u) = u**3 + 163*u**2 - 10064*u + 13453. Calculate j(-211).
-51
Let a(y) = 82831*y + 745496. What is a(-9)?
17
Let r(h) = -1356*h - 46006. Determine r(-34).
98
Let l(m) = -5*m**2 - 233*m + 1212. What is l(5)?
-78
Let s(f) = 39342*f + 10819046. Give s(-275).
-4
Let a(m) = 858*m**2 + 2381*m - 28. Calculate a(-3).
551
Let b(p) = -2522*p + 42871. Give b(17).
-3
Let f(a) = -3*a**3 + 52*a**2 - 12*a - 125. What is f(18)?
-989
Let p(x) = -3*x**2 - 201*x + 14099. Determine p(-109).
365
Let u(b) = -30343*b + 91163. Determine u(3).
134
Let x(y) = 2427*y + 148069. Give x(-61).
22
Let g(o) = 4*o**3 + 30*o**2 - 170*o + 51. Give g(7).
1703
Let a(n) = -n**2 + 145*n - 2724. Give a(119).
370
Let p(j) = j**2 - 68*j - 6383. Calculate p(-53).
30
Let i(m) = -3*m**2 + 170*m - 443. Give i(54).
-11
Let k(y) = y**2 + 110*y - 1772. Calculate k(-120).
-572
Let f(i) = -5*i**3 - 18*i**2 - 1020*i - 5129. Calculate f(-5).
146
Let a(s) = -24*s**3 + 4034*s**2 - 334*s - 567. What is a(168)?
-231
Let y(f) = -32681*f**2 - 196087*f - 7. What is y(-6)?
-1
Let p(h) = h**3 + 496*h**2 - 1042*h - 22830. Determine p(-498).
78
Let c(o) = 600*o - 134398. Calculate c(224).
2
Let l(a) = a**2 - 631*a - 68173. Calculate l(-94).
-23
Let a(v) = v**3 + 578*v**2 - 6*v - 16. Calculate a(0).
-16
Let o(f) = 1389*f - 25852. What is o(19)?
539
Let j(g) = -5100*g + 62214. What is j(12)?
1014
Let a(c) = 3*c**3 - 22*c**2 + 4*c - 40. Determine a(-7).
-2175
Let w(c) = c**2 + 111*c - 4375. Give w(-142).
27
Let w(h) = 132*h**2 + 234*h + 6. Calculate w(1).
372
Let s(r) = 2*r**2 + 82*r + 457. Determine s(-15).
-323
Let f(g) = -6*g**3 + 175*g**2 - 460*g + 12499. What is f(29)?
0
Let a(v) = v**3 - 58*v**2 + 257*v + 297. Calculate a(53).
-127
Let a(z) = z**3 - 3*z**2 - 92*z + 1532. Give a(0).
1532
Let d(f) = f**3 + 824*f**2 - 3297*f. Give d(4).
60
Let i(k) = -30172*k - 331912. Calculate i(-11).
-20
Let b(d) = -245*d**3 + 1715*d**2 - 17*d + 31. What is b(7)?
-88
Let n(l) = 5*l**3 - 138*l**2 + 950*l - 34. Determine n(14).
-62
Let h(x) = -2*x**3 - 2837*x**2 - 16952*x - 15. Determine h(-6).
-3
Let w(p) = -p**3 + 5*p**2 + 72*p + 9. What is w(8)?
393
Let q(d) = 3*d**2 + 4708*d + 32806. What is q(-7)?
-3
Let d(t) = -11*t**2 + 5388*t + 11818. Calculate d(492).
10
Let s(i) = -24061*i + 23910. Calculate s(1).
-151
Let v(i) = -37*i - 3333. Determine v(-115).
922
Let x(v) = -16310*v - 407763. Determine x(-25).
-13
Let t(c) = -3*c**3 + 31*c**2 - 27*c + 297. Determine t(10).
127
Let u(b) = 428983*b + 1715935. Determine u(-4).
3
Let w(h) = -h**3 - 48*h**2 - 551*h - 922. Calculate w(-33).
926
Let n(y) = -4*y**2 + 383*y + 4803. Calculate n(-12).
-369
Let u(s) = -32*s**2 - 683*s - 152. Calculate u(-21).
79
Let m(f) = -698*f**2 + 3311*f + 5260. Determine m(6).
-2
Let l(g) = 69*g**2 - 11624*g + 5833. Determine l(168).
457
Let i(s) = -822*s**2 - 419*s + 69. Calculate i(0).
69
Let t(f) = -107*f**2 - 514*f + 376. Determine t(-5).
271
Let p(k) = 3*k**2 - 184*k - 1702. Give p(-10).
438
Let h(a) = 122*a - 4425. Give h(31).
-643
Let i(l) = l**3 - 319*l**2 - 8641*l + 140284. Calculate i(343).
-3
Let c(a) = 20093*a - 180761. Give c(9).
76
Let f(l) = -l**3 - 50*l**2 - 61*l + 1367. What is f(-46)?
-4291
Let r(v) = -28*v**2 - 4553*v + 1800. Give r(-163).
7
Let a(v) = 3529*v - 66963. Calculate a(19).
88
Let k(m) = -2*m**3 + 6*m**2 + 211*m - 83. Determine k(-11).
984
Let w(l) = 13*l**3 - 70*l**2 - 106*l - 39. Calculate w(-1).
-16
Let b(d) = d**3 - 2416*d**2 - 93255*d - 109. Calculate b(-38).
5
Let b(j) = 40437*j + 40881795. What is b(-1011)?
-12
Let u(c) = 2*c**3 - 41*c**2 + 3680*c - 73702. Determine u(20).
-502
Let f(s) = 4*s**3 + 40*s**2 + 67*s + 27. Calculate f(-8).
3
Let x(i) = 13*i**2 - 472*i + 74. Determine x(33).
-1345
Let i(x) = -x**3 - 641*x**2 - 15404*x - 91. Determine i(-25).
9
Let y(u) = 423*u + 2214. Give y(-6).
-324
Let v(p) = 74*p**2 + 7545*p - 258. Calculate v(-102).
48
Let f